5
Let c(q) = 189*q - 864. Let m be c(5). What is the greatest common factor of 1053 and m?
81
Let p = -2771 - -2797. Calculate the highest common divisor of 86 and p.
2
Suppose 2*d + 13 - 5 = 0. Let i be 1/(156/40 + d). Let p(b) = b**3 + 8*b**2 - 21*b + 2. Let j be p(i). Calculate the greatest common divisor of 16 and j.
4
Suppose 22*n = -3*t + 19*n + 369, 3*n = -6. Calculate the greatest common divisor of t and 1425.
25
Let k be (4 + -3)/(1 - 2). Let z be 287/4 + k/(-4). Calculate the greatest common divisor of 54 and z.
18
Let f be (-24 + 2)/(14/(-2) + 5). Let t(n) = n**2 - 2*n - 8. Let k = 19 + -10. Let l be t(k). What is the highest common factor of f and l?
11
Let o = 57 + -57. Suppose 0 = 4*m - 3*n - 314, o*m + 5*m - 392 = 4*n. Let r be m/14 + (-28)/(-98). Calculate the greatest common factor of r and 4.
2
Let b = -8793 - -8996. What is the greatest common divisor of b and 33292?
203
Suppose -10*i - 1578 = -308. Suppose 124 = -2*m + m - 4*r, 447 = -3*m + 3*r. Let g = i - m. Calculate the greatest common divisor of g and 51.
17
Suppose -7*h + 28 = -49. Let l be 30/(-70)*((-24)/3 + 1). Let z be 9 + -2*(-3)/l. What is the greatest common factor of z and h?
11
Let b = -8336 - -9083. Calculate the highest common factor of b and 4565.
83
Suppose -3*s - 4*l = -5079, -s + 9*l + 1708 = 12*l. Calculate the highest common divisor of s and 287.
41
Let w = -19436 + 25631. What is the highest common divisor of 315 and w?
105
Suppose -5894 = 76*t - 10*t - 39752. What is the greatest common divisor of 1007 and t?
19
Suppose -2*m - 19 = -67. Suppose 0 = 2*v, 2*v - m = -w - 2*v. Suppose 9*d - 2*d - 577 - 263 = 0. What is the greatest common factor of w and d?
24
Suppose -619 = -4*b + 3*b - 367. What is the greatest common factor of 728 and b?
28
Let z be (-17 + 910/42)*2277/2. Calculate the highest common factor of z and 154.
77
Suppose 2*l + 3325 = -5*s + 9689, -2*s + 2542 = 2*l. Let h be s/6 + 245/(-105). What is the greatest common factor of h and 126?
42
Suppose 22*u = 13615 + 17603. Calculate the highest common factor of 33 and u.
33
Let k(u) = -111*u - 1714. Let t be k(-22). What is the highest common factor of t and 8?
8
Suppose 5*m + 10 + 0 = 0. Let j be m/(0 - -2) + -2 + 5. Suppose -2*l + j = -28. Calculate the highest common factor of 105 and l.
15
Let l = 978 + -588. Suppose 2*k - 4*v - 78 = 0, -316*v + 314*v = k - 39. Calculate the highest common divisor of l and k.
39
Suppose 12*m = 9*m + 36. Suppose y + 0*h - 5*h - 27 = 0, -4*h = 2*y - m. Let u be 735/9 + (16/y - 2). What is the greatest common divisor of u and 9?
9
Let w be 3*(-1432)/(-3) - -8. Suppose -21*d - w = -51*d. What is the highest common factor of 72 and d?
24
Let b = -3963 - -4531. What is the highest common factor of b and 40?
8
Let y be -4 + 2 - 6*135/(-6). Let i = -62 - -69. Calculate the greatest common factor of y and i.
7
Let a be ((-7752)/9)/(-23 + (-2040)/(-90)). Calculate the highest common divisor of 17 and a.
17
Suppose -2*o + 2*p - 208 + 234 = 0, -3*p + 9 = 5*o. Calculate the highest common divisor of o and 10908.
6
Let l(c) = -c**3 + 118*c**2 - 1629*c - 174. Let z be l(102). Calculate the greatest common divisor of z and 10428.
132
Let q be 48/(-20)*-90*(-3)/(-2). Let c = q + -204. What is the greatest common divisor of 10 and c?
10
Let y = 14 + 2. Let f = -218 + 220. Let h be (-6 - (f - 129)) + 7. What is the greatest common factor of y and h?
16
Let p(q) = q**2 + 5*q - 31. Let f be p(8). Suppose 71*a - f*a = -192. Calculate the highest common divisor of a and 48.
48
Let h(g) = 3*g**2 - 5*g + 1. Let y be h(4). Suppose 2*q + 2*a = 7*q - 1605, -5*a - 1620 = -5*q. Calculate the highest common divisor of y and q.
29
Suppose 3*c = 3*g + 1164, 3*c - 5*g + 3*g - 1161 = 0. Suppose -10*s + c = -5*s. Calculate the greatest common divisor of s and 22.
11
Let y be (-1 + 10 - -129) + 2/1. Let r(n) = n - 4 - 2*n + 48*n**2 - 45*n**2. Let i be r(3). Calculate the greatest common divisor of i and y.
20
Let a(t) = 10*t**2 - 235*t + 79. Let p be a(35). Calculate the highest common factor of 38 and p.
38
Let m be 7889/1715*(236 + -1). Calculate the highest common factor of m and 517.
47
Suppose 22*n + 19*n + 21384 = 59*n. What is the greatest common factor of n and 288?
36
Let x(l) = -l**2 - 82*l + 1893. Let n be x(-67). What is the greatest common factor of n and 21?
21
Let h be ((-5)/2)/((-6)/4 - -1). Suppose -h*g = 5*a - 85, -5*a + 4*a = -g - 13. Let u be (-66)/a + 4 + 1844/10. What is the greatest common factor of u and 46?
46
Let n(b) = 24*b**2 - 218*b - 440. Let z be n(-2). Calculate the greatest common factor of z and 38.
2
Suppose 3*j - 87 = -0*j. Suppose -101*p = -196*p + 229*p - 167098. Calculate the greatest common factor of j and p.
29
Let k be 5/((-10)/(-32)) + -8. Let b be (164/(-8) - 1)/((-4)/k). Calculate the greatest common factor of b and 731.
43
Let n be 20 + -24*17/68. Calculate the highest common divisor of 25508 and n.
14
Let m(x) = -3*x - 24. Let l be m(-13). Let y be (-6 - -93)/(0 - (-2)/10). Calculate the greatest common divisor of l and y.
15
Let o be (-101)/(-8)*(-17952)/(-136)*(-4)/(-2). What is the greatest common divisor of 132 and o?
33
Suppose 73*u - 276 = 109*u - 59*u. Calculate the highest common factor of u and 2000.
4
Suppose 2 = -i + 29. Let o(h) = -11*h + 73. Let g = -117 - -122. Let b be o(g). What is the highest common divisor of b and i?
9
Let a = -4332 - -5138. Calculate the greatest common factor of 416 and a.
26
Let z(t) = 94*t**3 - 3*t**2 - 22*t + 125. Let h be z(5). Calculate the highest common factor of 70 and h.
70
Let j = 4124 - 4096. What is the highest common factor of j and 4186?
14
Let d = -20618 + 25098. Calculate the highest common factor of 60 and d.
20
Let p(g) = 2*g**3 - 9*g**2 + 18*g - 222. Let k be p(8). Suppose k*m - 358*m = 648. What is the greatest common factor of 243 and m?
27
Let l be (-1)/((-14)/(-8))*(-49)/14. Suppose -4*k + 284 = 5*j - l*k, 106 = 2*j - 3*k. What is the highest common divisor of 42 and j?
14
Suppose -12 = 4*k, 3*k - 29 = 3*v + 19. Let u = 72 + v. Suppose -51*t = -u*t + 160. What is the highest common divisor of t and 40?
40
Let v(y) = 10*y + 27. Let x be v(-3). Let o be ((-4)/x)/(16/264). What is the highest common factor of 253 and o?
11
Let w = 55 - 52. Suppose -2*j + 4*y + 4 = 0, 2*j = -j + w*y + 12. Let x be (1/3)/((-1)/(-36)). Calculate the greatest common divisor of x and j.
6
Suppose -5*f - 395*l + 400*l = -11235, -f - 3*l = -2219. Calculate the highest common divisor of 20 and f.
20
Suppose -3*q = -q - 4*v - 142, -5*v = 5*q - 355. Let b = 87 - q. What is the highest common factor of 12 and b?
4
Let h be (-126)/7*2/(-6)*(-1700)/(-51). Calculate the greatest common factor of 1175 and h.
25
Suppose -4*i + 8 = 0, 70 = n + 13*i - 11*i. What is the greatest common factor of 3729 and n?
33
Suppose -17*p + 23784 = 23444. Calculate the greatest common divisor of 2636 and p.
4
Let w = 904 - 105. What is the greatest common factor of w and 235?
47
Let l = 22 + 19. Let k = -13 + l. Suppose -37*d = -35*d - k. Calculate the greatest common divisor of 42 and d.
14
Let a be (-7251)/(-12) + -1 + (-10)/40. Suppose 10*u = a + 617. Calculate the highest common factor of 2 and u.
2
Let z be (6/4)/((-27)/(-18))*50. Suppose 2*h = 3*x - 163, -4*x + 22 = 4*h - 202. Let u be 4114/x - (-2)/10. Calculate the greatest common divisor of u and z.
25
Let m = 207 + -205. Let s be 15/m*208/65. What is the highest common factor of s and 56?
8
Let k(j) = 24*j - 63. Let r be k(6). Suppose -f + 70 = 2*v, -3*f = -5*f - v + 143. What is the highest common divisor of f and r?
9
Suppose 28 = -v + 2*o, 5*o - 6*o = 2*v + 41. Let l be 72/(-6)*(-21)/42. Let p = l - v. What is the highest common factor of p and 42?
14
Let o(f) = -f**2 - 24*f + 71. Let r be o(-17). What is the highest common factor of r and 60?
10
Let j(z) = z**3 + 13*z**2 - 12*z - 19. Let h be j(-12). Suppose h*x = 284*x - 8025. Calculate the greatest common divisor of x and 5.
5
Let d be (5 + -2 - 6/2) + 8. Calculate the greatest common factor of d and 528.
8
Suppose 35*l - 10*l = 2550. Suppose l = 11*n + 6*n. Calculate the greatest common factor of n and 15.
3
Let h be 110/1265 - ((-94)/(-23) + 0) - -607. What is the greatest common factor of h and 153?
9
Suppose -u 